{"id":13,"date":"2023-01-30T16:02:44","date_gmt":"2023-01-30T16:02:44","guid":{"rendered":"https:\/\/kryptaria.de\/?page_id=13"},"modified":"2023-01-31T22:41:01","modified_gmt":"2023-01-31T22:41:01","slug":"krypto-airdrops","status":"publish","type":"page","link":"https:\/\/kryptaria.de\/?page_id=13","title":{"rendered":"Krypto Airdrops"},"content":{"rendered":"\n<h1 class=\"has-text-align-center has-white-color has-text-color has-background wp-block-heading\" style=\"background-color:#0771e3\">Kostenlose Altcoins dank Krypto-Airdrops<\/h1>\n\n\n\n<h4 class=\"wp-block-heading\">Wie du dir deine ersten kostenlosen Coins, mit Hilfe, des Coinbase Earn und CoinMarketCap Pogramm, sichern kannst.<\/h4>\n\n\n\n<p><strong>Dieses<\/strong> Kapitel <strong>zeigt Ihnen, wie Sie Ihre Chancen erh\u00f6hen,<\/strong> jede Woche <strong>kostenlose Kryptom\u00fcnzen,<\/strong> Token und Krypto-Assets zu <strong>erhalten.<br>Erfahren Sie,<\/strong> wie <strong>Sie am Airdrop teilnehmen,<\/strong> was <strong>Sie erwartet<\/strong> und welche Voraussetzungen <strong>Sie erf\u00fcllen m\u00fcssen.<\/strong><\/p>\n\n\n\n<p>Was ist ein <strong>Airdrop f\u00fcr virtuelle W\u00e4hrungen?<br>Airdrops (Crypto)<\/strong> sind <strong>Marketingkampagnen,<\/strong> bei denen <strong>(oftmals<\/strong> unbekannte) Kryptow\u00e4hrungen <strong>kostenlos<\/strong> an eine <strong>gro\u00dfe Anzahl<\/strong> von <strong>Benutzern<\/strong> verteilt werden. Das <strong>Hauptziel<\/strong> ist es, <strong>in jedem Bereich<\/strong> Aufmerksamkeit zu <strong>erlangen,<\/strong> neue <strong>Abonnenten<\/strong> zu gewinnen und eine gr\u00f6\u00dfere Community <strong>oder<\/strong> eine eigene <strong>Fangemeinde aufzubauen. Marktkapitalisierung von Airdrop-M\u00fcnzen<br><br>Um am Krypto-Airdrop von<\/strong> CoinMarketCap <strong>teilzunehmen, ben\u00f6tigen Sie:<br><br>CoinMarketCap*-Konto<\/strong> (ca. 1 <strong>Minute)<br>Twitter-Konto<br>Telegrammkonto<br>YouTube-Konto<br>Facebook-Konto<br>privates Anlageportfolio<br><br>Neben Kryptokursen<\/strong> bietet <strong>CoinMarketCap<\/strong> eine weitere <strong>M\u00f6glichkeit, Krypto<\/strong> und NFTs <strong>kostenlos<\/strong> zu erhalten. <strong>Im<\/strong> Men\u00fcpunkt <strong>\u201eKalender\u201c finden Sie \u201eFree Airdrop\u201c.<\/strong><\/p>\n\n\n\n<p><strong>Alle laufenden,<\/strong> zuk\u00fcnftigen und abgeschlossenen Projekte sind <strong>hier aufgelistet.<\/strong><\/p>\n\n\n\n<p><strong><br>Jeder Airdrop ist<\/strong> nur f\u00fcr eine begrenzte <strong>Zeit<\/strong> verf\u00fcgbar. <strong>Die<\/strong> Anzahl der Gewinner, <strong>die Aussch\u00fcttungssumme<\/strong> und <strong>die Teilnahmebedingungen sind f\u00fcr jedes Projekt unterschiedlich.<\/strong><\/p>\n\n\n\n<p><strong><br>Aufgrund<\/strong> der zunehmenden <strong>Popularit\u00e4t von<\/strong> Kryptow\u00e4hrungen nehmen viele <strong>Benutzer<\/strong> an Airdrops teil. <strong>Es wird<\/strong> nur eine begrenzte Anzahl <strong>gezogen, sodass Sie Ihre Gewinnchancen<\/strong> im Voraus <strong>berechnen k\u00f6nnen. <\/strong><\/p>\n\n\n\n<p><strong>Allerdings<\/strong> werden <strong>jeden Tag<\/strong> neue Airdrops angek\u00fcndigt, an denen <strong>Sie<\/strong> teilnehmen <strong>k\u00f6nnen<\/strong> \u2013 <strong>das erh\u00f6ht Ihre Gewinnchancen. <\/strong><\/p>\n\n\n\n<p><strong>Dieses<\/strong> Bild zeigt <strong>das Airdrop-Rendering<\/strong> auf <strong>CoinMarketCap. <\/strong><\/p>\n\n\n\n<p><strong>Ihr k\u00f6nnt nun nacheinander<\/strong> an <strong>jedem Airdrop<\/strong> teilnehmen. Die jeweiligen Teilnahmebedingungen sind direkt auf CoinMarketCap <strong>aufgef\u00fchrt<\/strong> oder <strong>mit der Dokumentation verlinkt. <\/strong><\/p>\n\n\n\n<p><strong>Meistens m\u00fcssen Sie M\u00fcnzen zu Ihrer CoinMarketCap-Beobachtungsliste<\/strong> hinzuf\u00fcgen, <\/p>\n\n\n\n<p>1-2 <strong>Telegrammgruppen<\/strong> beitreten, <\/p>\n\n\n\n<p>1-2 <strong>Twitter-Konten<\/strong> folgen, <\/p>\n\n\n\n<p><strong>Ihre Tweets<\/strong> retweeten und <\/p>\n\n\n\n<p><strong>vielleicht<\/strong> 3-5 Freunde markieren. <\/p>\n\n\n\n<p><strong>Alles, was Sie tun m\u00fcssen, ist, Ihre Twitter- und Telegram-Konten und Brieftaschenadressen einzugeben.<\/strong><\/p>\n\n\n\n<p><strong>Airdrop-Steuerhinweis f\u00fcr Kryptow\u00e4hrungen<br><br>Hinweis:<\/strong> Da es sich bei diesem Service um manuelle Airdrops (auch <strong>Bounties<\/strong> oder Airdrops <strong>genannt)<\/strong> handelt, <strong>m\u00fcssen Nutzer<\/strong> aktiv etwas <strong>unternehmen,<\/strong> um <strong>ihre Kryptow\u00e4hrung<\/strong> zu erhalten, <strong>daher sind<\/strong> hier steuerrechtliche <strong>Sonderfunktionen zu beachten.<\/strong><\/p>\n\n\n\n<p><strong><br>Die<\/strong> Besteuerung <strong>virtueller<\/strong> Token wird hei\u00df diskutiert und <strong>muss gesetzlich<\/strong> noch <strong>vollst\u00e4ndig gekl\u00e4rt werden.<\/strong> Aktuell <strong>l\u00e4uft<\/strong> ein <strong>Projekt<\/strong> f\u00fcr <strong>das Bundesfinanzministerium. Zum jetzigen Zeitpunkt gelten<\/strong> manuelle Airdrops nicht mehr als <strong>Geschenke. Gem\u00e4\u00df<\/strong> \u00a7 22 <strong>Nr.<\/strong> 3 <strong>ESTG unterliegen<\/strong> solche Eink\u00fcnfte nur dann <strong>der Einkommensteuer,<\/strong> wenn sie <strong>im Kalenderjahr<\/strong> weniger als 256 Euro <strong>betragen. <\/strong><\/p>\n\n\n\n<p><strong>Haftungsausschluss:<\/strong> Ich bin kein Steuerberater und <strong>bin nicht befugt, in dieser Angelegenheit<\/strong> zu beraten <strong>oder bestimmte<\/strong> Aussagen <strong>zu<\/strong> treffen. <\/p>\n\n\n\n<p><strong>Bei<\/strong> Fragen <strong>wenden Sie sich bitte<\/strong> an <strong>Ihren Steuerberater. Wir empfehlen folgende<\/strong> Tools und <strong>weitere Informationsquellen zum Thema:<br>Empfohlenes Steuerregime<\/strong> f\u00fcr Kryptow\u00e4hrungen<\/p>\n\n\n\n<p><strong>CoinTracking* (10<\/strong> % Rabatt)<br><strong>Boxenblock *<br><br>Steuer auf virtuelle<\/strong> W\u00e4hrungen<\/p>\n\n\n\n<p>Hier <strong>finden Sie unser neues<\/strong> BMF-Schreiben <strong>\u201eGesonderte Anfragen<\/strong> zur <strong>steuerlichen<\/strong> Behandlung von <strong>Kryptow\u00e4hrungen<\/strong> und <strong>anderen Token\u201c.<\/strong><\/p>\n","protected":false},"excerpt":{"rendered":"<p>Wie du dir deine ersten kostenlosen Coins, mit Hilfe, des Coinbase Earn und CoinMarketCap Pogramm, sichern kannst. Dieses Kapitel zeigt Ihnen, wie Sie Ihre Chancen erh\u00f6hen, jede Woche kostenlose Kryptom\u00fcnzen, Token und Krypto-Assets zu erhalten.Erfahren Sie, wie Sie am Airdrop teilnehmen, was Sie erwartet und welche Voraussetzungen Sie erf\u00fcllen m\u00fcssen. Was ist ein Airdrop f\u00fcr [&hellip;]<\/p>\n","protected":false},"author":2,"featured_media":0,"parent":0,"menu_order":0,"comment_status":"closed","ping_status":"closed","template":"","meta":{"footnotes":""},"class_list":["post-13","page","type-page","status-publish","hentry"],"_links":{"self":[{"href":"https:\/\/kryptaria.de\/index.php?rest_route=\/wp\/v2\/pages\/13","targetHints":{"allow":["GET"]}}],"collection":[{"href":"https:\/\/kryptaria.de\/index.php?rest_route=\/wp\/v2\/pages"}],"about":[{"href":"https:\/\/kryptaria.de\/index.php?rest_route=\/wp\/v2\/types\/page"}],"author":[{"embeddable":true,"href":"https:\/\/kryptaria.de\/index.php?rest_route=\/wp\/v2\/users\/2"}],"replies":[{"embeddable":true,"href":"https:\/\/kryptaria.de\/index.php?rest_route=%2Fwp%2Fv2%2Fcomments&post=13"}],"version-history":[{"count":4,"href":"https:\/\/kryptaria.de\/index.php?rest_route=\/wp\/v2\/pages\/13\/revisions"}],"predecessor-version":[{"id":51,"href":"https:\/\/kryptaria.de\/index.php?rest_route=\/wp\/v2\/pages\/13\/revisions\/51"}],"wp:attachment":[{"href":"https:\/\/kryptaria.de\/index.php?rest_route=%2Fwp%2Fv2%2Fmedia&parent=13"}],"curies":[{"name":"wp","href":"https:\/\/api.w.org\/{rel}","templated":true}]}}